+ 6*r(c). Suppose -4*z - 14 = -2. Let t = 7 + z. What is w(t)?
-4
Let w(b) be the first derivative of -11*b**3/3 - b**2 + b - 81. Determine w(1).
-12
Let y(g) = g - 1. Suppose -12*u + 154 = 1822. Let l = u - -135. Give y(l).
-5
Let f(p) = p**3 + 6*p**2 + 5*p + 1. Let u be f(-5). Let s(n) be the first derivative of 0*n + 1/3*n**3 + 7/4*n**4 + 0*n**2 + 6. Give s(u).
8
Let p(q) = -q - 1. Let d(w) = 4*w + 2. Let c(x) = -4*d(x) - 14*p(x). Suppose 9*o - 6*o = 75. Let f = 29 - o. What is c(f)?
-2
Let q(i) = 2*i**2 + 11*i + 1. Let p(o) be the first derivative of o**3 + 21*o**2/2 + 3*o + 20. Let r(g) = -3*p(g) + 5*q(g). What is r(6)?
-16
Let y(w) = -w**2 - 10*w - 4. Let v = -46 - -40. Determine y(v).
20
Let g(t) = -t + 1. Let j be g(-3). Suppose -4 = 3*l - j. Let q(x) = x**3 - x - 10. Give q(l).
-10
Let t(v) = v**3 - 9*v**2 + 7*v + 1. Let x(o) = 19*o**2 + 0 + 9*o**2 - 4*o**3 - 21*o - 4 + o**3. Let z(y) = 7*t(y) + 2*x(y). What is z(6)?
5
Let w(c) = 3*c + 4*c**3 - 1 + 11*c - 10*c - 3*c**3 + c**3 + 5*c**2. Give w(-2).
-5
Let v(f) = -29*f**2 - 5*f + 12*f**2 + 2 + 18*f**2. What is v(5)?
2
Let f = 1429 + -1427. Let z(k) = 5 + 1 - 2 - 3 - 3*k. Calculate z(f).
-5
Suppose 0 = 6*r - 40 - 20. Let m = r - 6. Suppose -5 = m*p - 33. Let d(o) = -2*o + 4. What is d(p)?
-10
Let s(r) be the first derivative of r**4/4 - 4*r**3/3 - 3*r**2/2 + 5*r + 1641. Let g be 10*(1 - (-2)/(-4)). Suppose -g*c = -17 - 8. Give s(c).
15
Let l = -53 - -71. Let n(k) = l*k**3 + 0*k - 4*k - 5*k**2 - 19*k**3 + 1. Give n(-3).
-5
Let k(f) be the third derivative of -f**8/2016 + f**6/720 - 3*f**5/10 - 34*f**2. Let l(r) be the third derivative of k(r). What is l(-1)?
-9
Let k(q) = -q**2 - q + 1. Let w(o) = o - 1. Let h be w(-1). Let y be k(h). Let x(t) = 13*t - 6*t - 6*t + 1. Determine x(y).
0
Suppose 10 = 15*l - 10*l. Suppose -7*h + 4*h = -4*c - 17, -2*c = -l*h + 10. Let q(g) = -2*g**2 + 3*g - 4. Calculate q(h).
-13
Let x(h) = -h - 11. Let p = -211 - -90. Let r = 114 + p. What is x(r)?
-4
Suppose 42 = l + 6*l. Let w(g) = -2 + l*g + 13 - 7 - g**2 - 7. Calculate w(4).
5
Let k(b) be the third derivative of b**6/120 - b**5/12 + b**4/8 - b**3/6 - 11*b**2. Let r(d) = -6*d + d**2 + 5*d + 2 + 2. Let p be r(0). Give k(p).
-5
Let i(m) = 16*m + 1. Suppose 0*r = 6*r + 6. Give i(r).
-15
Let x(n) = -148 - 2*n + 101 + 62 + 0*n. Calculate x(5).
5
Let k(y) = 2*y - 10. Let c = 129 + -81. Suppose -40*p + 46*p - c = 0. Give k(p).
6
Let s(h) = -4*h**2 - 2*h + 11. Let b be s(0). Let a(t) = -t**3 + 12*t**2 - 11*t + 2. Determine a(b).
2
Let r(n) = n. Suppose 3*k - y = -8 - 34, -y = -3. Let u = -3 - k. Let v = -4 + u. What is r(v)?
6
Let t(d) = -2*d + 1. Let q(m) = -6*m + 2. Let h(i) = 6*q(i) - 17*t(i). Let p(r) = 6 - 2 - 7*r + 0*r**2 - 3*r + r**2. Let n be p(9). What is h(n)?
5
Let j(c) = -c**2 - 10*c - 3. Let h = -68 - -94. Suppose -4*r - t + 2*t = h, 25 = -5*r + 5*t. Calculate j(r).
18
Let s = 131 + -129. Let v(k) be the first derivative of 7/3*k**3 + s + 5*k + 7/2*k**2 + 1/4*k**4. Give v(-6).
-1
Let w(u) be the first derivative of -u**3/3 - 5*u**2 + u - 600. Give w(-12).
-23
Let q(p) = p**3 - 6*p**2 - 8*p + 8. Suppose 57*m = 67*m - 70. What is q(m)?
1
Let r(p) = 5*p**3 - 6*p**2 - 5*p - 37. Let q(y) = y**3 - y**2 - y - 7. Let o(z) = 11*q(z) - 2*r(z). Calculate o(0).
-3
Let c(t) = -17*t**3 + t + 1. Suppose 7*z + 11 = 95. Let n = z + -13. Give c(n).
17
Let m(c) be the second derivative of -c**5/20 - 5*c**4/12 + 3*c**2/2 + 5*c. Let j be (-574)/112 + 2/16. Calculate m(j).
3
Let p(v) = -2*v**2 - 6*v + 1. Let b(s) = -5*s**2 - 11*s + 4. Let m(y) = -3*b(y) + 7*p(y). Determine m(9).
-5
Let k(m) = 2061*m - 2062*m - 2*m**2 - 3 + 4. Let n be 18/10 - (-4)/20. Give k(n).
-9
Let t = -8 - -37. Let v = t - 35. Let l(r) be the first derivative of -r**2/2 - 2*r + 1. Give l(v).
4
Let p(n) = -n**2 + 5*n - 3. Let u(x) be the third derivative of x**4/8 - 5*x**3/2 - 22*x**2. Let k be u(6). Give p(k).
3
Let u be 1 + ((-24)/16 - 6/(-4)). Let i(l) = u + 12 - 9 - l. What is i(8)?
-4
Suppose -2*z + 2*v - 6 = 7*v, -3*z + 13 = 2*v. Let c(i) = i + 6*i**2 - 2*i**2 - 8*i + z - 3*i**2. Give c(5).
-3
Let t be (-2)/(-2) + 4 - -125. Let k(h) = 1 + 64*h - t*h + 67*h. Let j(f) = -2*f**2 + 4*f + 1. Let v be j(3). Give k(v).
-4
Let j(q) = q**2 + 2. Suppose -5*y - i + 0*i = -21, y - 25 = 5*i. Suppose y*s = -3*f + 71, 3*s - 6*s - 5*f + 33 = 0. Let d = 14 - s. Determine j(d).
6
Suppose 0*z + 20 = -4*z. Let b(l) = 5*l**2 - l - 4. Let k(a) = 20 - 2*a - 2*a + 6*a**2 - 24 + 2*a. Let s(q) = 5*b(q) - 4*k(q). Calculate s(z).
6
Let a(v) = -30*v**3 - 41*v**3 + 0*v**2 + 127*v**3 - 2*v**2 + 1 - 40*v**3. Determine a(-1).
-17
Let j be ((-96)/(-72))/(8/18). Suppose 5*i - 32 = -4*y, j*i + y - 19 = -i. Let r(u) = u**3 - 4*u**2 + u + 1. Calculate r(i).
5
Let a(s) be the third derivative of s**6/40 - s**5/20 + s**4/24 - s**3/6 - 261*s**2. Give a(2).
13
Let u(k) = k**2 - 2*k - 7. Let y be (132/198)/(1*(-2)/(-18)). Determine u(y).
17
Let q(w) = 2*w - 1. Suppose -3 = -2*r - 3*y + 2, -2*r = -5*y - 45. Let v = 279 - 273. Suppose z = v*z - r. Calculate q(z).
3
Let g(l) be the second derivative of l**3/3 + 13*l**2/2 - 23*l - 2. What is g(-7)?
-1
Suppose -39 = -8*v - 7. Let i(x) = x**3 - 4*x**2 - 2. Give i(v).
-2
Suppose -2*r = -0*x + 2*x - 24, -5*x - 17 = -2*r. Let y(f) = 2*f - 2 - 1 + 8 - r. Let p be 6 - (-2)/(-4)*0. Give y(p).
6
Let x(r) = -r**2 - 14*r. Let f be 3/((-3)/16) + (11 - 9). Give x(f).
0
Let s(j) be the third derivative of -j**4/24 - 5*j**3/6 - j**2. Suppose 0 = n - 5*n + 2*c + 8, 2*c - 1 = n. Let a = -1 - n. Calculate s(a).
-1
Let w(s) = -s. Let x(m) = 1. Let n(a) = -2*w(a) - 6*x(a). Let v = -620 - -624. Determine n(v).
2
Let y(q) be the third derivative of -q**6/120 - 7*q**5/30 - 7*q**4/12 - 8*q**3/3 + 27*q**2. Let k be y(-13). Let m(v) = -v**3 - v**2 + 2*v - 2. Calculate m(k).
10
Let j be ((-2)/(-5))/(8 - 357/45). Let g(x) = -x**3 + 6*x**2 + 5*x + 2. Determine g(j).
32
Let x(n) = -n**3 - 18*n**2 - 44*n + 19. Suppose 3*d = 2*h + 33, -d - 38 = 4*h + 21. What is x(h)?
4
Let l(g) = -g**2 - 3*g + 13. Let c be l(-5). Let b(f) = -3*f + 2*f**3 - 3*f**3 + 1 + c*f**2 + 4*f. Calculate b(2).
7
Let d(m) = -2*m + 2*m + 6*m + 0*m. Suppose 3*r - r = -12. Let g = 7 + r. What is d(g)?
6
Let r be (12/(-18))/((-3)/9). Suppose m - 5 = -r. Suppose 0 = -l + a - 6, 4*l = -l + m*a - 26. Let g(v) = 2*v + 2. What is g(l)?
-6
Let f(d) = 4*d**2 + 1. Let v = -13 + 35. Let z = -21 + v. Determine f(z).
5
Let f(p) = -p**3 - 8*p**2 + 8*p - 5. Suppose -5*o = 4*w + 37, -3*o - 5*w - 17 = -0. Determine f(o).
4
Suppose 790*s = 781*s + 9. Let v(y) = -4*y**3 - y**2. Determine v(s).
-5
Let t = -40 - -40. Let z(r) = -r - 2*r**2 + t*r**2 + 4 + r**2 + 0*r**2. Determine z(-3).
-2
Let b(f) = -2 - 4*f**3 + 3*f**2 + 3 - 3*f + 3*f**3. Let d(n) = -n**3 - 2*n**2 - 2*n. Let u be d(-2). Suppose -u*c = p + 14, 4 = 3*p + 3*c + 10. Give b(p).
-1
Let l(i) = i**3 - 6*i**2 + 10*i - 2. Let z(t) = 11*t + 609. Let f be z(-55). Calculate l(f).
6
Let g be ((-840)/240)/((-7)/4). Let m(z) be the third derivative of 0*z - 14*z**g + 1/6*z**3 - 1/12*z**4 + 1/20*z**6 + 0 + 0*z**5. Calculate m(1).
5
Let w(o) = -o**3 + 6*o**2 - o + 2. Let c be w(5). Let r be c/4 + (-2)/(-4). Let l be (-2 - 1)*r/(-18). Let b(d) = -14*d**3 + d**2 - 1. Determine b(l).
-14
Suppose -2*n - 10 = -7*n. Suppose n*l = l + 2. Let g(w) = 7 - 4 - 4 + 2 + l*w. Give g(-1).
-1
Let c = 185/724 - 1/181. Let b(v) be the first derivative of -9*v - 1/2*v**2 - 1/3*v**3 - c*v**4 + 1. What is b(0)?
-9
Suppose 9*o - 11*o + 34 = 0. Let s(h) = -18*h + h**3 + o*h - 8*h**3 + 3*h**2 - 5*h**2. Determine s(-1).
6
Let t = -12 + 7. Let l be (12/(-30))/(2/t). Let k(j) = 3 - 3 - 3*j + j + l. Calculate k(3).
-5
Let w(m) be the third derivative of m**6/120 - 7*m**5/60 + 7*m**4/24 + 43*m**2. Let g(k) = 7*k**2 - 1. Let q be g(1). What is w(q)?
6
Let k(u) = u**2 - 10*u + 11. Let m be k(9). Let y be 6/(((-9)/m)/(-3)). Let x(d) = -2*d**2 + 7*d + 2. Let g be x(y). Let s(h) = -2*h + 2. Calculate s(g).
6
Let y(q) be the first derivative of -2*q**3/3 + 5*q**2/2 - 2*q + 83. Give y(3).
-5
Let p(w) = 9*w - 39. Let l = -1615 + 1621. Calculate p(l).
15
Let k(z) = 3 + z**2 - 3*z**3 - 3*z**2 + 7*z**2 + 4*z**3 + 4*z. Suppose 0 = -5*o + 9*o + 16. Give k(o).
3
Let l(q) = 8*q**3 + q**2 - 2*q + 1. Let n(s) = -s*